{"id":16,"date":"2015-06-04T20:22:25","date_gmt":"2015-06-04T20:22:25","guid":{"rendered":"http:\/\/solaonh.no\/wordpress\/?page_id=16"},"modified":"2022-08-07T16:28:58","modified_gmt":"2022-08-07T14:28:58","slug":"horselsmalinger-horeapparater","status":"publish","type":"page","link":"https:\/\/solaonh.no\/wordpress\/horselsmalinger-horeapparater\/","title":{"rendered":"H\u00f8rsel"},"content":{"rendered":"<div id=\"pl-16\"  class=\"panel-layout\" ><div id=\"pg-16-0\"  class=\"panel-grid panel-no-style\" ><div id=\"pgc-16-0-0\"  class=\"panel-grid-cell\" ><div id=\"panel-16-0-0-0\" class=\"so-panel widget widget_sow-editor panel-first-child panel-last-child\" data-index=\"0\" ><div\n\t\t\t\n\t\t\tclass=\"so-widget-sow-editor so-widget-sow-editor-base\"\n\t\t\t\n\t\t>\n<div class=\"siteorigin-widget-tinymce textwidget\">\n\t<h2>H\u00f8rselsm\u00e5linger og\u00a0h\u00f8reapparater<\/h2>\n<p>H\u00f8rselsm\u00e5ling og eventuelt tilpasning av h\u00f8reapparat foreg\u00e5r etter henvisning fra din lege, med de medisinske opplysninger som fremkommer i legens brev (tidligere \u00f8resykdommer, larmp\u00e5virkning osv.) Du vil bli tilskrevet om kombinert time hvor du b\u00e5de skal til audiograf for h\u00f8rselsm\u00e5ling og s\u00e5 til dr. H\u00e6geland for vurdering av resultatet.<\/p>\n<p>V\u00e5re tre faste audiografer Grethe, Ingrid og Lisbeth har alle lang yrkeserfaring fra H\u00f8resentralen, Stavanger Universitetssykehus og privat praksis. De foretar audiometri (h\u00f8rselsunders\u00f8kelser) med avansert utstyr, og vi tilpasser og utpr\u00f8ver h\u00f8reapparater for trygdens regning.<\/p>\n<h2>Utredning av h\u00f8rselstap, svimmelhet og \u00f8resus<\/h2>\n<p>Vi utreder alle h\u00f8rselstap, innimellom er det n\u00f8dvendig med videre utredning andre plasser, og eventuelt r\u00f8ntgenunders\u00f8kelser. Svimmelhet kan av og til v\u00e6re utl\u00f8st av sykdom i balanseorganet i det indre \u00f8ret, og dette utreder vi ogs\u00e5 mtp, og eventuelt henviser vi videre til et balanselaboratorie eller ulike r\u00f8ntgenunders\u00f8kelser. Vi utreder \u00f8resus \/ tinnitus og gir generell informasjon, forklaringer, r\u00e5d om mestringsteknikker samt eventuelle kurs\/seminarer for pasienter med \u00f8resus. Vi foretar ogs\u00e5 generell h\u00f8rselstesting for bedrifter etter s\u00f8knad fra bedriftshelsetjenesten.<\/p>\n<h2>Tilpasning av h\u00f8reapparat<\/h2>\n<p>Hvis resultatet viser at du kan ha nytte av et h\u00f8reapparat, vil vi sammen finne det vi tenker er den beste l\u00f8sning for deg, og tar om n\u00f8dvendig avtrykk av \u00f8regangen for st\u00f8ping av propp\/form til h\u00f8reapparatet. Noen pasienter har erfaringer fra tidligere, og noen pasienter er tydelig p\u00e5 hva de tror ikke fungerer og dette tas det hensyn til. Deretter f\u00e5r du tildelt en ny time mens vi bestiller h\u00f8reapparatet fra forhandler.<\/p>\n<p>Neste gang du kommer f\u00e5r du utlevert h\u00f8reapparatet, du f\u00e5r omfattende instruksjon i bruken og h\u00e5ndteringen, du pr\u00f8ver apparatet, og det programmeres slik at det passer til akkurat ditt h\u00f8rselstap. Dette skjer via diagnosekontakt p\u00e5 apparatet og v\u00e5r PC med avansert programvare. N\u00e5r du er forn\u00f8yd med lyden, kobler vi fra og du f\u00e5r pr\u00f8ve ut apparatet i noen uker \u2013 i alle slags hverdagssituasjoner, i selskap, foran TV osv., og det blir avtalt ny kontroll.<\/p>\n<p>V\u00e6r oppmerksom p\u00e5 at ditt h\u00f8rseltap kan ha kommet gradvis gjennom flere \u00e5r, nesten umerkelig, og det kan v\u00e6re noe overveldende \u00e5 f\u00e5 korrigert dette gjennom et h\u00f8reapparat. Det er derfor viktig at du er t\u00e5lmodig og pr\u00f8ver apparatet noen timer hver dag for at hjernen skal akseptere den \u201dnye\u201d h\u00f8rselen.<\/p>\n<p>Vi har tilgang til alle tilgjengelige og godkjente h\u00f8reapparatmodeller p\u00e5 det norske marked.<\/p>\n<p>Normalt dekkes mesteparten av h\u00f8reapparatkostnadene (typisk dr\u00f8yt 5.500,- kroner pr. h\u00f8reapparat) av NAV etter s\u00f8knad fra oss. Kostnadene blir derfor minimale for pasientene, det er stort sett egenandelene i forbindelse med utpr\u00f8vningen.<\/p>\n<p>Regelverket sier n\u00e5 at et h\u00f8reapparat skal beholdes i seks \u00e5r f\u00f8r man evt. kan s\u00f8ke om nye apparater. Vi ser at NAV n\u00e5 praktiserer dette strengt, men unntak kan forekomme. Er det spesielle omstendigheter, vi kan s\u00f8ke om ekstraordin\u00e6r tilpasning p\u00e5 medisinsk grunnlag.<\/p>\n<p>N\u00e5r du har hatt h\u00f8reapparat en tid, hender det at du har behov for justering av apparatet. Du kan da ringe og bestille en justeringstime. Dette koster 331,- Da skal du vanligvis ikke inn til legen, og derfor dekker Helfo kun 50,- om du har frikort. Om du mistenker at du har \u00f8revoks f\u00f8r en justeringstime, m\u00e5 du f\u00e5 skylle \u00f8rene hjemme eller ved ditt fastlegekontor f\u00f8r justeringstimen.<\/p>\n<p>&nbsp;<\/p>\n<\/div>\n<\/div><\/div><\/div><\/div><div id=\"pg-16-1\"  class=\"panel-grid panel-no-style\" ><div id=\"pgc-16-1-0\"  class=\"panel-grid-cell\" ><div id=\"panel-16-1-0-0\" class=\"so-panel widget widget_sow-button panel-first-child panel-last-child\" data-index=\"1\" ><div\n\t\t\t\n\t\t\tclass=\"so-widget-sow-button so-widget-sow-button-atom-03b44f75957c-16\"\n\t\t\t\n\t\t><div class=\"ow-button-base ow-button-align-center\"\n>\n\t\t\t<a\n\t\t\t\t\thref=\"https:\/\/solaonh.no\/wordpress\/sekretorisk-otitt\/\"\n\t\t\t\t\tclass=\"sowb-button ow-icon-placement-left ow-button-hover\" \t>\n\t\t<span>\n\t\t\t\n\t\t\tV\u00c6SKE I MELLOM\u00d8RET\t\t<\/span>\n\t\t\t<\/a>\n\t<\/div>\n<\/div><\/div><\/div><div id=\"pgc-16-1-1\"  class=\"panel-grid-cell\" ><div id=\"panel-16-1-1-0\" class=\"so-panel widget widget_sow-button panel-first-child panel-last-child\" data-index=\"2\" ><div\n\t\t\t\n\t\t\tclass=\"so-widget-sow-button so-widget-sow-button-atom-0b6e32c0c449-16\"\n\t\t\t\n\t\t><div class=\"ow-button-base ow-button-align-center\"\n>\n\t\t\t<a\n\t\t\t\t\thref=\"https:\/\/solaonh.no\/wordpress\"\n\t\t\t\t\tclass=\"sowb-button ow-icon-placement-bottom ow-button-hover\" \t>\n\t\t<span>\n\t\t\t\n\t\t\tTILBAKE TIL FORSIDEN\t\t<\/span>\n\t\t\t<\/a>\n\t<\/div>\n<\/div><\/div><\/div><\/div><\/div>","protected":false},"excerpt":{"rendered":"<p>H\u00f8rselsm\u00e5linger og\u00a0h\u00f8reapparater H\u00f8rselsm\u00e5ling og eventuelt tilpasning av h\u00f8reapparat foreg\u00e5r etter henvisning fra din lege, med de medisinske opplysninger som fremkommer i legens brev (tidligere \u00f8resykdommer, larmp\u00e5virkning osv.) Du vil bli tilskrevet om kombinert time hvor du b\u00e5de skal til audiograf for h\u00f8rselsm\u00e5ling og s\u00e5 til dr. H\u00e6geland for vurdering av resultatet. V\u00e5re tre faste audiografer&hellip;&nbsp;<a href=\"https:\/\/solaonh.no\/wordpress\/horselsmalinger-horeapparater\/\" rel=\"bookmark\">Les mer &raquo;<span class=\"screen-reader-text\">H\u00f8rsel<\/span><\/a><\/p>\n","protected":false},"author":1,"featured_media":0,"parent":0,"menu_order":0,"comment_status":"closed","ping_status":"closed","template":"","meta":{"neve_meta_sidebar":"","neve_meta_container":"","neve_meta_enable_content_width":"","neve_meta_content_width":0,"neve_meta_title_alignment":"","neve_meta_author_avatar":"","neve_post_elements_order":"","neve_meta_disable_header":"","neve_meta_disable_footer":"","neve_meta_disable_title":"","_themeisle_gutenberg_block_has_review":false,"footnotes":""},"class_list":["post-16","page","type-page","status-publish","hentry"],"_links":{"self":[{"href":"https:\/\/solaonh.no\/wordpress\/wp-json\/wp\/v2\/pages\/16","targetHints":{"allow":["GET"]}}],"collection":[{"href":"https:\/\/solaonh.no\/wordpress\/wp-json\/wp\/v2\/pages"}],"about":[{"href":"https:\/\/solaonh.no\/wordpress\/wp-json\/wp\/v2\/types\/page"}],"author":[{"embeddable":true,"href":"https:\/\/solaonh.no\/wordpress\/wp-json\/wp\/v2\/users\/1"}],"replies":[{"embeddable":true,"href":"https:\/\/solaonh.no\/wordpress\/wp-json\/wp\/v2\/comments?post=16"}],"version-history":[{"count":17,"href":"https:\/\/solaonh.no\/wordpress\/wp-json\/wp\/v2\/pages\/16\/revisions"}],"predecessor-version":[{"id":836,"href":"https:\/\/solaonh.no\/wordpress\/wp-json\/wp\/v2\/pages\/16\/revisions\/836"}],"wp:attachment":[{"href":"https:\/\/solaonh.no\/wordpress\/wp-json\/wp\/v2\/media?parent=16"}],"curies":[{"name":"wp","href":"https:\/\/api.w.org\/{rel}","templated":true}]}}